{"id":2906,"date":"2023-04-06T12:08:04","date_gmt":"2023-04-06T10:08:04","guid":{"rendered":"https:\/\/jsmeprofinit.eu\/?post_type=pozice&#038;p=2906"},"modified":"2026-01-29T11:15:34","modified_gmt":"2026-01-29T10:15:34","slug":"full-stack-developer","status":"publish","type":"pozice","link":"https:\/\/jsmeprofinit.eu\/sk\/pozicie\/full-stack-developer\/","title":{"rendered":"Full Stack Developer"},"content":{"rendered":"\n<h2 class=\"wp-block-heading\"><strong>\u010co bude\u0161 u n\u00e1s robi\u0165<\/strong><\/h2>\n\n\n\n<ul class=\"wp-block-list\">\n<li>Podie\u013ea\u0165 sa na anal\u00fdze a n\u00e1vrhu architekt\u00fary v r\u00e1mci pridelen\u00fdch \u00faloh a oblast\u00ed na projekte<\/li>\n\n\n\n<li>Vyv\u00edja\u0165 SW rie\u0161enie a programova\u0165 na z\u00e1klade funk\u010dn\u00fdch po\u017eiadaviek<\/li>\n\n\n\n<li>Komunikova\u0165 s business analytikmi a testermi<\/li>\n\n\n\n<li>Unit testovanie, v\u00fdkonnostn\u00e9 ladenie aplik\u00e1ci\u00ed a odstra\u0148ovanie defektov<\/li>\n\n\n\n<li>V z\u00e1vislosti od dosiahnut\u00fdch sk\u00fasenost\u00ed by sme ti tie\u017e dali pr\u00edle\u017eitos\u0165 vies\u0165 t\u00edm<\/li>\n<\/ul>\n\n\n\n<h2 class=\"wp-block-heading\"><strong>Technol\u00f3gie, s ktor\u00fdmi pr\u00edde\u0161 do styku<\/strong><\/h2>\n\n\n\n<ul class=\"wp-block-list\">\n<li>Backend \u2013 Java, Spring (Boot), Microservices &#8211; RabbitMQ \/ Apache Kafka<\/li>\n\n\n\n<li>Frontend \u2013 TypeScript, React, PWA, Micro-frontends<\/li>\n\n\n\n<li>API \u2013 RESTful, GraphQL<\/li>\n\n\n\n<li>Datab\u00e1zy \u2013 PostgreSQL, Oracle, MS SQL, Redis,&nbsp;<\/li>\n\n\n\n<li>Cloud \u2013 AWS alebo Azure<\/li>\n\n\n\n<li>Kontajneriz\u00e1cia \u2013 Docker, OpenShift\/Kubernetes apod.<\/li>\n<\/ul>\n\n\n\n<h2 class=\"wp-block-heading\"><strong>Koho by sme si predstavovali<\/strong><\/h2>\n\n\n\n<ul class=\"wp-block-list\">\n<li>M\u00e1\u0161 V\u0160 vzdelanie IT alebo in\u00e9ho technick\u00e9ho zamerania \u2013 uv\u00edtame aj \u0161tudentov<\/li>\n\n\n\n<li>So softv\u00e9rov\u00fdm v\u00fdvojom na IT projektoch m\u00e1\u0161 nieko\u013eko rokov sk\u00fasenost\u00ed<\/li>\n\n\n\n<li>Tvoja angli\u010dtina je na komunikat\u00edvnej \u00farovni<\/li>\n<\/ul>\n\n\n\n<h2 class=\"wp-block-heading\"><strong>\u010co pon\u00fakame<\/strong><\/h2>\n\n\n\n<ul class=\"wp-block-list\">\n<li>Pr\u00e1cu na rozmanit\u00fdch projektoch, ktor\u00e9 si m\u00f4\u017ee\u0161 vybera\u0165 a meni\u0165 pod\u013ea preferenci\u00ed<\/li>\n\n\n\n<li>Pr\u00e1ca v&nbsp;t\u00edme sk\u00fasen\u00fdch program\u00e1torov s&nbsp;dlhoro\u010dnou praxou<\/li>\n\n\n\n<li>Pr\u00e1cu s modern\u00fdmi technol\u00f3giami<\/li>\n\n\n\n<li>Priestor pre tvoje vlastn\u00e9 inov\u00e1cie a n\u00e1pady<\/li>\n\n\n\n<li>Individu\u00e1lny pr\u00edstup a definovan\u00fd proces kari\u00e9rneho rastu<\/li>\n<\/ul>\n\n\n\n<h2 class=\"wp-block-heading\"><strong>Benefity<\/strong><\/h2>\n\n\n\n<ul class=\"wp-block-list\">\n<li>Hybridn\u00fd re\u017eim s mo\u017enos\u0165ou home office<\/li>\n\n\n\n<li>25 dn\u00ed dovolenky pre ka\u017ed\u00e9ho<\/li>\n\n\n\n<li>Mo\u017enos\u0165 \u010fal\u0161ieho \u010derpania vo\u013ena v r\u00e1mci programu\u00a0\u201e<strong>Pracovn\u00e9 vo\u013eno bez obmedzen\u00ed<\/strong>\u201c<\/li>\n\n\n\n<li>Pr\u00edstup k odborn\u00fdm \u0161koleniam a certifik\u00e1tom v oblasti v\u00fdvoja a\u00a0 softwarov\u00e9ho in\u017einierstva<\/li>\n\n\n\n<li>Mo\u017enos\u0165 \u0161t\u00fadia cudz\u00edch jazykov<\/li>\n\n\n\n<li>Mobiln\u00e1 tarifa s neobmedzen\u00fdm volan\u00edm a SMS po SK a 16 GB d\u00e1t aj na s\u00fakromn\u00e9 \u00fa\u010dely<\/li>\n<\/ul>\n","protected":false},"excerpt":{"rendered":"<p>Bav\u00ed \u0164a frontend aj backend a r\u00e1d by si pracoval v spolo\u010dnosti, v ktorej m\u00e1\u0161 na v\u00fdber z viacer\u00fdch zauj\u00edmav\u00fdch projektov? L\u00e1kaj\u00fa \u0164a modern\u00e9 frameworky a agiln\u00fd pr\u00edstup? Si tu spr\u00e1vne!<\/p>\n","protected":false},"author":39,"featured_media":2908,"template":"","obor":[129],"uvazek":[138],"plat":[159],"pracoviste":[137,157],"ostatni":[],"class_list":["post-2906","pozice","type-pozice","status-publish","has-post-thumbnail","hentry","obor-vyvoj-2","uvazek-plny","plat-2500-4000e-brutto-mesiac","pracoviste-bratislava-sk","pracoviste-hybridny-rezim-sk"],"acf":[],"_links":{"self":[{"href":"https:\/\/jsmeprofinit.eu\/sk\/wp-json\/wp\/v2\/pozice\/2906","targetHints":{"allow":["GET"]}}],"collection":[{"href":"https:\/\/jsmeprofinit.eu\/sk\/wp-json\/wp\/v2\/pozice"}],"about":[{"href":"https:\/\/jsmeprofinit.eu\/sk\/wp-json\/wp\/v2\/types\/pozice"}],"author":[{"embeddable":true,"href":"https:\/\/jsmeprofinit.eu\/sk\/wp-json\/wp\/v2\/users\/39"}],"version-history":[{"count":0,"href":"https:\/\/jsmeprofinit.eu\/sk\/wp-json\/wp\/v2\/pozice\/2906\/revisions"}],"wp:featuredmedia":[{"embeddable":true,"href":"https:\/\/jsmeprofinit.eu\/sk\/wp-json\/wp\/v2\/media\/2908"}],"wp:attachment":[{"href":"https:\/\/jsmeprofinit.eu\/sk\/wp-json\/wp\/v2\/media?parent=2906"}],"wp:term":[{"taxonomy":"obor","embeddable":true,"href":"https:\/\/jsmeprofinit.eu\/sk\/wp-json\/wp\/v2\/obor?post=2906"},{"taxonomy":"uvazek","embeddable":true,"href":"https:\/\/jsmeprofinit.eu\/sk\/wp-json\/wp\/v2\/uvazek?post=2906"},{"taxonomy":"plat","embeddable":true,"href":"https:\/\/jsmeprofinit.eu\/sk\/wp-json\/wp\/v2\/plat?post=2906"},{"taxonomy":"pracoviste","embeddable":true,"href":"https:\/\/jsmeprofinit.eu\/sk\/wp-json\/wp\/v2\/pracoviste?post=2906"},{"taxonomy":"ostatni","embeddable":true,"href":"https:\/\/jsmeprofinit.eu\/sk\/wp-json\/wp\/v2\/ostatni?post=2906"}],"curies":[{"name":"wp","href":"https:\/\/api.w.org\/{rel}","templated":true}]}}

<h2 class="wp-block-heading"><strong>Čo budeš u nás robiť</strong></h2>



<ul class="wp-block-list">
<li>Podieľať sa na analýze a návrhu architektúry v rámci pridelených úloh a oblastí na projekte</li>



<li>Vyvíjať SW riešenie a programovať na základe funkčných požiadaviek</li>



<li>Komunikovať s business analytikmi a testermi</li>



<li>Unit testovanie, výkonnostné ladenie aplikácií a odstraňovanie defektov</li>



<li>V závislosti od dosiahnutých skúseností by sme ti tiež dali príležitosť viesť tím</li>
</ul>



<h2 class="wp-block-heading"><strong>Technológie, s ktorými prídeš do styku</strong></h2>



<ul class="wp-block-list">
<li>Backend – Java, Spring (Boot), Microservices &#8211; RabbitMQ / Apache Kafka</li>



<li>Frontend – TypeScript, React, PWA, Micro-frontends</li>



<li>API – RESTful, GraphQL</li>



<li>Databázy – PostgreSQL, Oracle, MS SQL, Redis,&nbsp;</li>



<li>Cloud – AWS alebo Azure</li>



<li>Kontajnerizácia – Docker, OpenShift/Kubernetes apod.</li>
</ul>



<h2 class="wp-block-heading"><strong>Koho by sme si predstavovali</strong></h2>



<ul class="wp-block-list">
<li>Máš VŠ vzdelanie IT alebo iného technického zamerania – uvítame aj študentov</li>



<li>So softvérovým vývojom na IT projektoch máš niekoľko rokov skúseností</li>



<li>Tvoja angličtina je na komunikatívnej úrovni</li>
</ul>



<h2 class="wp-block-heading"><strong>Čo ponúkame</strong></h2>



<ul class="wp-block-list">
<li>Prácu na rozmanitých projektoch, ktoré si môžeš vyberať a meniť podľa preferencií</li>



<li>Práca v&nbsp;tíme skúsených programátorov s&nbsp;dlhoročnou praxou</li>



<li>Prácu s modernými technológiami</li>



<li>Priestor pre tvoje vlastné inovácie a nápady</li>



<li>Individuálny prístup a definovaný proces kariérneho rastu</li>
</ul>



<h2 class="wp-block-heading"><strong>Benefity</strong></h2>



<ul class="wp-block-list">
<li>Hybridný režim s možnosťou home office</li>



<li>25 dní dovolenky pre každého</li>



<li>Možnosť ďalšieho čerpania voľna v rámci programu „<strong>Pracovné voľno bez obmedzení</strong>“</li>



<li>Prístup k odborným školeniam a certifikátom v oblasti vývoja a  softwarového inžinierstva</li>



<li>Možnosť štúdia cudzích jazykov</li>



<li>Mobilná tarifa s neobmedzeným volaním a SMS po SK a 16 GB dát aj na súkromné účely</li>
</ul>

<p>Baví Ťa frontend aj backend a rád by si pracoval v spoločnosti, v ktorej máš na výber z viacerých zaujímavých projektov? Lákajú Ťa moderné frameworky a agilný prístup? Si tu správne!</p>
